?
3, 1123, 664211
What are the prime factors of 312669779?
4931, 63409
List the prime factors of 109917215.
5, 1567, 14029
What are the prime factors of 1238688787?
7, 151, 167413
What are the prime factors of 83493011?
7, 19, 89681
List the prime factors of 2696449707.
3, 7, 42800789
What are the prime factors of 20825823?
3, 6941941
List the prime factors of 265946280.
2, 3, 5, 193, 11483
List the prime factors of 1206784144.
2, 83, 908723
What are the prime factors of 35844483?
3, 17, 53, 89, 149
List the prime factors of 4990301499.
3, 17, 233, 419953
What are the prime factors of 493667344?
2, 3917, 7877
What are the prime factors of 250618164?
2, 3, 20884847
List the prime factors of 21861610.
2, 5, 41, 71, 751
What are the prime factors of 31982905?
5, 6396581
List the prime factors of 6434141.
7, 19, 6911
What are the prime factors of 976823478?
2, 3, 19, 23, 124183
List the prime factors of 103155549.
3, 7, 41, 119809
List the prime factors of 150506706.
2, 3, 7, 1123, 3191
List the prime factors of 236587761.
3, 113, 232633
What are the prime factors of 800074864?
2, 211, 269, 881
What are the prime factors of 27043736?
2, 17, 198851
List the prime factors of 1244817419.
47, 139, 190543
What are the prime factors of 166976979?
3, 13, 1117, 3833
List the prime factors of 84281649.
3, 521, 53923
What are the prime factors of 4200288460?
2, 5, 41, 5122303
What are the prime factors of 24645026?
2, 7, 1760359
List the prime factors of 21737803.
21737803
List the prime factors of 154140019.
11, 139, 100811
List the prime factors of 241967394.
2, 3, 19, 103, 6869
List the prime factors of 30944689.
131, 236219
What are the prime factors of 260437423?
260437423
List the prime factors of 176330598.
2, 3, 2393, 12281
What are the prime factors of 439679095?
5, 19, 4628201
List the prime factors of 93544596.
2, 3, 67, 38783
List the prime factors of 176444993.
176444993
List the prime factors of 3493855689.
3, 4547, 256129
What are the prime factors of 72935806?
2, 23, 37, 42853
List the prime factors of 2128790.
2, 5, 193, 1103
What are the prime factors of 1501195102?
2, 11, 43, 1586887
List the prime factors of 74649511.
74649511
What are the prime factors of 788000718?
2, 3, 19, 31, 222977
What are the prime factors of 173289084?
2, 3, 23, 627859
What are the prime factors of 183677753?
7, 67, 109, 3593
What are the prime factors of 485767735?
5, 97153547
What are the prime factors of 580033106?
2, 43, 6744571
What are the prime factors of 553581449?
53, 10444933
List the prime factors of 235750651.
19, 3463, 3583
List the prime factors of 51844475.
5, 17, 199, 613
List the prime factors of 2291473385.
5, 458294677
List the prime factors of 56715964.
2, 271, 52321
What are the prime factors of 1558770754?
2, 19, 41020283
List the prime factors of 33930036.
2, 3, 7, 37, 1213
What are the prime factors of 2268696952?
2, 41, 103, 67153
List the prime factors of 169759769.
169759769
What are the prime factors of 223914482?
2, 11, 10177931
What are the prime factors of 2786861661?
3, 8893, 104459
What are the prime factors of 103583832?
2, 3, 11, 392363
List the prime factors of 3475950928.
2, 6793, 31981
List the prime factors of 41482807.
1741, 23827
What are the prime factors of 50434820?
2, 5, 887, 2843
List the prime factors of 2008533535.
5, 23, 2251, 7759
List the prime factors of 47659316.
2, 47, 253507
What are the prime factors of 270457765?
5, 54091553
What are the prime factors of 4053383018?
2, 67, 379, 79813
List the prime factors of 436611.
3, 7, 17, 1223
List the prime factors of 44342200.
2, 5, 7, 19, 1667
What are the prime factors of 1711246045?
5, 109, 3139901
What are the prime factors of 1783164700?
2, 5, 23, 491, 1579
List the prime factors of 78760905.
3, 5, 5250727
What are the prime factors of 106142705?
5, 43, 383, 1289
What are the prime factors of 6527651?
13, 37, 41, 331
What are the prime factors of 138056916?
2, 3, 37, 239, 1301
List the prime factors of 126927861.
3, 3673, 11519
What are the prime factors of 2821562900?
2, 5, 13, 59, 36787
What are the prime factors of 10621099?
547, 19417
What are the prime factors of 64272254?
2, 2207, 14561
What are the prime factors of 67813572?
2, 3, 5651131
What are the prime factors of 43780384?
2, 1031, 1327
List the prime factors of 30306425.
5, 19, 63803
List the prime factors of 2788781154.
2, 3, 277, 1009, 1663
What are the prime factors of 110643669?
3, 19, 647039
What are the prime factors of 979692392?
2, 7, 43, 419, 971
List the prime factors of 775035144.
2, 3, 13, 828029
What are the prime factors of 396059553?
3, 47, 936311
List the prime factors of 915989537.
915989537
List the prime factors of 53696970.
2, 3, 5, 596633
List the prime factors of 16985832.
2, 3, 173, 4091
What are the prime factors of 69469447?
69469447
What are the prime factors of 661139327?
7883, 83869
What are the prime factors of 63450596?
2, 11, 17, 84827
What are the prime factors of 77212660?
2, 5, 7, 551519
List the prime factors of 10986087.
3, 7, 541, 967
List the prime factors of 2110039953.
3, 7, 719, 139747
What are the prime factors of 4759852602?
2, 3, 19, 877, 47609
What are the prime factors of 13596581?
821, 16561
What are the prime factors of 2999855939?
2399, 1250461
What are the prime factors of 1773379439?
13, 79, 1726757
List the prime factors of 59972743.
269, 222947
List the prime factors of 273202643.
7, 39028949
What are the prime factors of 703885737?
3, 1549, 151471
What are the prime factors of 2351439993?
3, 7, 31, 43, 167, 503
What are the prime factors of 43133847?
3, 199, 72251
List the prime factors of 1003145292.
2, 3, 193, 144379
What are the prime factors of 40184785?
5, 8036957
What are the prime factors of 153148261?
7, 2383, 9181
List the prime factors of 28379083.
28379083
List the prime factors of 172721870.
2, 5, 17, 1016011
What are the prime factors of 1181677238?
2, 7, 43, 61, 4597
List the prime factors of 3525857284.
2, 19, 347, 133697
What are the prime factors of 3734428354?
2, 1867214177
List the prime factors of 37913683.
19, 23, 101, 859
What are the prime factors of 3459605239?
31, 111600169
What are the prime factors of 193787719?
23, 8425553
What are the prime factors of 865978570?
2, 5, 29, 61, 48953
What are the prime factors of 6190731691?
283, 21875377
What are the prime factors of 16498313?
13, 17, 74653
List the prime factors of 24652757.
23, 73, 14683
List the prime factors of 5871854159.
3911, 1501369
List the prime factors of 630377028.
2, 3, 17510473
List the prime factors of 62574760.
2, 5, 1564369
What are the prime factors of 50069972?
2, 12517493
List the prime factors of 49403477.
19, 373, 6971
List the prime factors of 265451702.
2, 17, 257, 1787
List the prime factors of 2395132855.
5, 479026571
What are the prime factors of 1309055938?
2, 47, 197, 223, 317
What are the prime factors of 94513487?
41, 131, 17597
List the prime factors of 486641944.
2, 73, 131, 6361
What are the prime factors of 1411158284?
2, 23, 53, 12583
What are the prime factors of 1062492360?
2, 3, 5, 23, 384961
What are the prime factors of 1171696306?
2, 11, 53258923
List the prime factors of 523526837.
20183, 25939
List the prime factors of 1698551571.
3, 566183857
What are the prime factors of 247839796?
2, 1733, 35753
List the prime factors of 150824683.
1433, 105251
List the prime factors of 70090463.
70090463
List the prime factors of 2673729.
3, 11003
What are the prime factors of 778039163?
11, 79, 193, 4639
What are the prime factors of 57161853?
3, 7, 907331
List the prime factors of 1007873194.
2, 503936597
What are the prime factors of 42846477?
3, 17, 227, 3701
What are the prime factors of 15295352?
2, 1911919
What are the prime factors of 270309495?
3, 5, 331, 54443
List the prime factors of 475403399.
23, 43, 557, 863
What are the prime factors of 382965179?
382965179
What are the prime factors of 600000736?
2, 59, 317797
List the prime factors of 3241945.
5, 7, 92627
What are the prime factors of 118137222?
2, 3, 7, 239, 3923
List the prime factors of 351201719.
11, 19, 47, 35753
List the prime factors of 127670004.
2, 3, 7, 11, 53, 79
List the prime factors of 183540906.
2, 3, 433, 23549
What are the prime factors of 16174231